te the greatest common factor of 875 and 7.
7
What is the highest common divisor of 2 and 2959?
1
Calculate the highest common divisor of 2444 and 104.
52
Calculate the highest common factor of 11 and 781.
11
What is the highest common divisor of 200 and 150?
50
Calculate the highest common factor of 37 and 629.
37
What is the greatest common divisor of 4048 and 44?
44
What is the greatest common factor of 95 and 152?
19
Calculate the greatest common factor of 1350 and 100.
50
Calculate the highest common factor of 256 and 160.
32
Calculate the highest common factor of 80 and 176.
16
What is the greatest common divisor of 16 and 4132?
4
What is the highest common divisor of 10 and 1430?
10
What is the highest common factor of 912 and 48?
48
Calculate the highest common divisor of 3233 and 122.
61
Calculate the highest common divisor of 126 and 112.
14
What is the highest common factor of 1743 and 996?
249
Calculate the greatest common factor of 42 and 3458.
14
What is the highest common factor of 3075 and 25?
25
Calculate the highest common factor of 9861 and 114.
57
What is the highest common divisor of 127 and 2?
1
Calculate the highest common divisor of 13 and 52.
13
What is the highest common divisor of 5 and 137?
1
What is the highest common divisor of 2299 and 19?
19
What is the highest common divisor of 944 and 2596?
236
What is the highest common divisor of 530 and 5194?
106
What is the highest common divisor of 41 and 1?
1
Calculate the highest common factor of 520 and 1170.
130
Calculate the greatest common divisor of 19 and 7087.
19
What is the greatest common factor of 10545 and 285?
285
What is the highest common divisor of 12 and 92?
4
What is the highest common divisor of 105 and 210?
105
What is the highest common factor of 131 and 4847?
131
Calculate the highest common factor of 854 and 14.
14
What is the greatest common factor of 11414 and 52?
26
What is the highest common divisor of 8 and 148?
4
What is the highest common divisor of 17 and 2941?
17
What is the greatest common factor of 2196 and 264?
12
Calculate the greatest common divisor of 451 and 574.
41
Calculate the greatest common factor of 2193 and 51.
51
Calculate the greatest common factor of 31 and 279.
31
Calculate the highest common factor of 8 and 472.
8
Calculate the greatest common factor of 26 and 39.
13
Calculate the greatest common divisor of 4224 and 64.
64
Calculate the greatest common divisor of 493 and 1363.
29
What is the highest common factor of 4962 and 6?
6
Calculate the highest common divisor of 19 and 4313.
19
What is the greatest common divisor of 77 and 4114?
11
What is the highest common divisor of 828 and 63?
9
What is the greatest common divisor of 625 and 5?
5
Calculate the highest common factor of 135 and 486.
27
Calculate the greatest common divisor of 24 and 1464.
24
What is the highest common divisor of 15 and 1335?
15
What is the greatest common divisor of 18 and 1764?
18
What is the greatest common divisor of 240 and 60?
60
Calculate the greatest common divisor of 16468 and 92.
92
Calculate the greatest common divisor of 246 and 6.
6
What is the highest common factor of 10 and 105?
5
Calculate the greatest common divisor of 14016 and 219.
219
Calculate the highest common factor of 15207 and 137.
137
Calculate the highest common factor of 12 and 1116.
12
What is the highest common factor of 456 and 96?
24
What is the highest common divisor of 12 and 32?
4
Calculate the highest common factor of 88 and 33.
11
What is the greatest common divisor of 903 and 12?
3
Calculate the greatest common factor of 3 and 33.
3
Calculate the highest common divisor of 8 and 10536.
8
What is the greatest common divisor of 7 and 7?
7
Calculate the highest common factor of 466 and 2.
2
What is the highest common factor of 4880 and 20?
20
What is the highest common factor of 336 and 154?
14
Calculate the highest common factor of 162 and 360.
18
Calculate the highest common divisor of 1029 and 315.
21
What is the greatest common divisor of 349 and 1?
1
What is the greatest common divisor of 448 and 14?
14
What is the highest common divisor of 34 and 102?
34
What is the highest common divisor of 2544 and 3657?
159
Calculate the greatest common divisor of 17563 and 13.
13
Calculate the highest common factor of 574 and 1066.
82
What is the highest common factor of 1188 and 363?
33
Calculate the highest common divisor of 85 and 9265.
85
Calculate the greatest common divisor of 42 and 306.
6
What is the greatest common divisor of 4 and 98?
2
What is the highest common factor of 14 and 38066?
14
What is the greatest common factor of 14 and 133?
7
What is the greatest common factor of 5475 and 50?
25
What is the highest common divisor of 20 and 44?
4
Calculate the greatest common factor of 835 and 45.
5
What is the greatest common divisor of 1631 and 7?
7
What is the highest common divisor of 6858 and 243?
27
What is the highest common divisor of 63 and 666?
9
Calculate the highest common divisor of 62 and 4588.
62
What is the greatest common divisor of 64 and 200?
8
Calculate the greatest common divisor of 32 and 5312.
32
Calculate the highest common factor of 13 and 10049.
13
Calculate the highest common factor of 120 and 540.
60
Calculate the greatest common divisor of 60 and 1188.
12
Calculate the greatest common divisor of 5940 and 1755.
135
Calculate the greatest common factor of 4 and 36.
4
What is the highest common factor of 1545 and 30?
15
Calculate the highest common divisor of 2316 and 12.
12
What is the greatest common divisor of 162 and 342?
18
What is the greatest common factor of 8442 and 336?
42
Calculate the greatest common factor of 150 and 942.
6
What is the greatest common factor of 1404 and 180?
36
What is the greatest common divisor of 57 and 1539?
57
Calculate the greatest common divisor of 8 and 200.
8
Calculate the greatest common factor of 82 and 4141.
41
Calculate the greatest common factor of 915 and 15.
15
Calculate the greatest common divisor of 90 and 10.
10
Calculate the greatest common divisor of 15 and 35.
5
Calculate the highest common divisor of 48 and 384.
48
What is the greatest common factor of 50 and 4850?
50
Calculate the greatest common divisor of 21 and 51051.
21
What is the highest common divisor of 56 and 216?
8
Calculate the highest common divisor of 62 and 1.
1
Calculate the greatest common factor of 1582 and 14.
14
Calculate the greatest common factor of 27 and 99.
9
What is the highest common divisor of 65 and 1209?
13
What is the greatest common factor of 5 and 1655?
5
Calculate the greatest common divisor of 142 and 3479.
71
What is the greatest common divisor of 105 and 2289?
21
What is the greatest common divisor of 45 and 75?
15
What is the greatest common factor of 995 and 5?
5
Calculate the greatest common divisor of 1458 and 18.
18
Calculate the highest common divisor of 845 and 143.
13
What is the greatest common factor of 65 and 117?
13
Calculate the greatest common divisor of 1 and 2.
1
Calculate the greatest common factor of 15 and 105.
15
Calculate the highest common divisor of 136 and 170.
34
What is the greatest common divisor of 135 and 115?
5
What is the greatest common factor of 2226 and 212?
106
What is the greatest common factor of 370 and 1702?
74
What is the greatest common divisor of 2751 and 21?
21
Calculate the greatest common divisor of 39 and 6.
3
What is the greatest common factor of 1 and 27?
1
Calculate the highest common divisor of 12 and 8088.
12
Calculate the greatest common factor of 1349 and 19.
19
Calculate the greatest common divisor of 368 and 414.
46
What is the greatest common factor of 62 and 961?
31
What is the highest common factor of 3349 and 119?
17
What is the highest common divisor of 30 and 735?
15
Calculate the greatest common divisor of 52 and 8.
4
Calculate the greatest common factor of 2 and 118.
2
What is the highest common divisor of 244 and 100?
4
What is the greatest common divisor of 52 and 39?
13
Calculate the highest common divisor of 2405 and 13.
13
Calculate the highest common factor of 2486 and 22.
22
What is the greatest common factor of 290 and 406?
58
What is the highest common divisor of 54 and 4401?
27
Calculate the greatest common divisor of 488